its digit of (-152)/f - 2/(-13)?
6
Let z(k) = k**3 - 8*k**2 + 4*k - 7. What is the tens digit of z(8)?
2
Let p be 4/(-10) + (-44)/(-10). Suppose p*m = -0*m + n + 2, -5*n - 10 = -4*m. Let f = m + 10. What is the tens digit of f?
1
Let z(x) = -x**2 - 14*x - 8. Let b be (-77)/(-28) - 6/8. Suppose 5*d = b*d - 36. What is the tens digit of z(d)?
1
Let v(m) = 14*m - 16. What is the tens digit of v(6)?
6
Let a = -9 - -11. Suppose 2*w = 3*w - a. What is the units digit of w?
2
Let i be (-6)/(-2)*(-4)/6. Let t = 2 - i. Suppose 3*q + 2*h - 5*h = 15, t*h + 10 = 3*q. What is the tens digit of q?
1
Let n(u) = -u**3 + 7*u**2 + u - 2. Let i = 6 + 1. Let j be n(i). Suppose -4*d - 5*p + 36 = -0*d, j*d + 5*p - 40 = 0. What is the units digit of d?
4
What is the tens digit of (5 + -4)/((21/(-270))/(-7))?
9
Suppose -4*m - m + 35 = -a, -a = -m + 11. What is the units digit of m?
6
Let n = 1 - -5. Suppose -n*u + 11*u = 145. What is the units digit of u?
9
Let g = 251 - 72. What is the units digit of g?
9
Let i = -20 + 23. Suppose 8 - 35 = -i*f. What is the units digit of f?
9
Suppose 20 = t + 4*q - 9, 0 = -t - 3*q + 24. Let w = t - 5. Suppose 4*y + 19 = 3, -w*b = y - 32. What is the units digit of b?
9
What is the tens digit of (3 - 7)/(-4) + 39?
4
Let o be 14/70 - 368/(-10). Suppose -5*v = -3*p + o, -5*v + 18 = -2. What is the tens digit of p?
1
Let q be 4*2/1*-1. Let n(l) = -l**3 + 9*l**2 + 5*l + 2. Let w(c) = 3*c**3 - 26*c**2 - 14*c - 6. Let s(i) = q*n(i) - 3*w(i). What is the units digit of s(6)?
4
Let n(p) = p**3 + 3*p**2 + 2*p + 4. Let v be n(-3). What is the units digit of -30*(v/(-4) - 1)?
5
Suppose 5*v - 10 = -3*a, -3*a - 2*v + 2 + 2 = 0. Suppose a = -3*w - 10 - 2, -2*w - 30 = -l. What is the tens digit of l?
2
Let t(g) = -g**3 + 6*g**2 + 7*g + 3. Let a(q) = -q. Let n be a(-7). What is the units digit of t(n)?
3
Let v = 72 - 30. What is the units digit of v?
2
Let g = -4 - -4. Let w(a) = -a**3 + a**2 + 4. Let u be w(g). Suppose 3*m - m = u. What is the units digit of m?
2
Let x(d) = -6*d. Let z be x(-1). Let n be (-2)/(-4)*(2 + 0). Let p = z + n. What is the units digit of p?
7
Let w be 42/35*110/4. Suppose 8*q = 5*q + w. What is the units digit of q?
1
Suppose 4 + 28 = 4*g. What is the units digit of g?
8
What is the units digit of 1732/10 + (-3)/(17 - 2)?
3
Suppose 2*o = -4*v + 476, 0 = 3*v - o + 2*o - 357. What is the tens digit of v?
1
Suppose 4*l - 178 = 26. Suppose -4*f + 13 = -l. What is the units digit of f?
6
Let m be ((-2)/6)/(3/(-63)). Suppose -5 = -2*t + m. What is the units digit of t?
6
Let r = 6 - 0. Suppose 15 = -a + r*a. What is the units digit of a?
3
Let v be -2 - (-7)/((-14)/(-20)). What is the tens digit of (-205)/(-20) - (-6)/v?
1
Suppose y + 2*p - 81 - 21 = 0, 5*y - 2*p = 474. What is the tens digit of y?
9
What is the tens digit of (4 + 38/(-8))/((-2)/392)?
4
Let m(b) = 2*b - 16. Let y be m(11). What is the units digit of 2/6 - (-10)/y?
2
Suppose -3*s + 28 - 7 = 0. What is the units digit of s?
7
Let u be 2 - 0 - (-4)/2. Suppose -4*r - 72 = -3*z, -u*z = -0*z + 3*r - 71. What is the tens digit of z?
2
Let v = -513 - -873. What is the hundreds digit of v?
3
Let g(y) = -y**2 + 8*y - 2. What is the tens digit of g(5)?
1
Suppose -5*r + 4 + 6 = 0. Suppose 10 = r*v + 3*p - 6, 2*v - 4*p + 12 = 0. What is the units digit of 3/(3/v) - -7?
9
Let k(i) = i**3 + 10*i**2 + 7*i - 9. Let o be k(-9). Let g(q) = q**2 - 10*q + 4. Let s be g(o). Let t(v) = -3*v - 3. What is the units digit of t(s)?
2
Let h(f) = f + 5. Let b be h(-5). What is the tens digit of (b + -9)*12/(-9)?
1
Let i = -1 - -1. Suppose -3*l = -i*l - 15. What is the units digit of l?
5
Suppose 0 = 3*d + d. Let f(g) = -7*g - 9. Let q(c) = -3*c - 5. Let k(m) = 2*f(m) - 5*q(m). What is the units digit of k(d)?
7
Let v(q) = 2*q - 7. Let r be v(6). Let b(j) = 2*j**2 - 8*j + 7. Let s be b(r). Suppose -s = -0*z - 5*z + l, -3*l = z + 3. What is the units digit of z?
3
Let a(f) be the second derivative of -5*f**3/6 + 3*f**2 - 2*f. Let s(u) = -4*u + 5. Let q(k) = -5*a(k) + 6*s(k). What is the units digit of q(4)?
4
Let f(d) = d**2 - 4*d - 3. Let l(a) = -2*a + 1. Let j be l(-2). Let i be f(j). Suppose i*k + 3 - 21 = 0. What is the units digit of k?
9
Suppose 5*t - 3*d = -0*t - 201, 159 = -4*t + 3*d. Let k be (t - 0)/(6/(-12)). Suppose -5*r = -k + 19. What is the units digit of r?
3
Let m = 12 - 21. Let y = -1 - m. What is the units digit of y?
8
Suppose 205 = 2*p + 3*p. Let a = -29 + p. What is the units digit of a?
2
Let i = -2 + 3. What is the units digit of 8*i*1/2?
4
Let u(i) = -i**3 - 4*i**2 + 6*i + 3. What is the tens digit of u(-6)?
3
Let o(y) = y**3 - 4*y**2 - 3*y - 2. Let t = 21 + -11. Let x be (1 - 3)/(t/(-25)). What is the units digit of o(x)?
8
Let u = 79 + -42. What is the tens digit of u?
3
Let g be (-14)/(-3) - 2/3. Let u = g - 0. What is the units digit of u?
4
Let a = 6 + -4. Let v(r) be the second derivative of r**3/3 + 2*r. What is the units digit of v(a)?
4
Suppose u + 2 = 2*u. Let s(c) = -3 + 6 + 4*c**u - c**2 - 3*c. What is the units digit of s(2)?
9
Suppose -s = -68 + 9. What is the units digit of s?
9
Suppose j = -5*b + 8, -4*j + 9 = -3*b - 0. Suppose -3*g + 4*t + 137 = 0, 3*g + 6*t - 102 = j*t. Suppose 0 = -5*m + g + 31. What is the tens digit of m?
1
Suppose 2*a = 3*a - 2. Let j = a + -2. Suppose -3 - 3 = -2*i - 2*n, i - n - 5 = j. What is the units digit of i?
4
Suppose -495 = -0*v - 3*v. What is the hundreds digit of v?
1
Let p = -2 + 4. Suppose 0 = -3*t + p*t. Suppose -3*c = -3*r + 27, 8 = 4*r + 3*c - t. What is the units digit of r?
5
Let n be (-19)/(-2) - (-3)/6. Let h be (-41)/(-2) + (-3)/6. Let r = h - n. What is the units digit of r?
0
Suppose -3*p + 16 = -5*m, 2*m = -2*p + 4*p - 4. Let j be ((-22)/3 + -2)*p. Suppose 5*k - 7 = j. What is the units digit of k?
7
Let i be ((-3)/((-3)/(-20)))/1. Let h = i - -28. What is the units digit of h?
8
Suppose -4*i = -2*c - 10, -5*i - 4 = -4*c - 21. Let j = -3 - c. Suppose 3*z - 4*t - 29 = j, 2*z - 5*t - 31 = -0*t. What is the units digit of z?
3
Let g(j) = -21*j. Let w be g(-2). Let r = -26 + w. What is the units digit of r?
6
Let h(z) = z**3 - 4*z**2 - z + 5. Let q = -3 + 7. What is the units digit of h(q)?
1
Suppose 0 = -3*q - 2*m + 260, -2*m = 2*q + 3*q - 440. Suppose -3*t - 2*t + q = 0. What is the units digit of 16/(-6)*t/(-8)?
6
Let r(a) = a**2 + 11*a - 9. Let x be r(-12). Suppose x*j = 21 + 99. What is the tens digit of j?
4
Suppose 3*h - 8 = h. What is the units digit of h?
4
Suppose 23 - 9 = 2*g. Suppose 0 = 2*f - 5*f + 4*t + g, t - 23 = -2*f. What is the units digit of f?
9
Let s = 20 - 10. What is the units digit of 144/s - 4/10?
4
Let x be -13 - (-2 + 1)*2. Let b = -17 - x. What is the units digit of (-8)/3*9/b?
4
Let g = 10 - 6. Let n(f) = 3*f + 1. What is the tens digit of n(g)?
1
Suppose 5*s - 121 = 4*p, -s - 38 = -3*s - p. Let z be s/(-4) + 6/24. Let v = z - -6. What is the units digit of v?
1
What is the units digit of (-2 - 23/2)/(12/(-24))?
7
Let f = -48 - -68. What is the units digit of f?
0
Suppose -y + 3*y = 3*g - 38, 4*g - 2*y - 54 = 0. Suppose -13 = -5*o + 2*b, 5*o + 0*b = -b + g. Let t = 16 - o. What is the units digit of t?
3
Let z(m) = 32*m + 6. What is the units digit of z(1)?
8
Suppose -3 = 5*c - 123. What is the tens digit of c/(-4)*(-3 - -1)?
1
Suppose 5*b + 3*y - 43 = 0, b + 3*y = 5*y + 6. What is the tens digit of 5/(-5) + b*2?
1
Suppose 2*l + 5*k = 25, 5*k - 26 = -3*l + 4. Suppose -j - l = -20. What is the units digit of j?
5
Let h(m) = -m**2 + 7*m + 4. What is the units digit of h(7)?
4
Let h(i) = -9*i + 14. Let w(t) = -14*t + 21. Let r(f) = -8*h(f) + 5*w(f). Let o be r(-9). Let a = -6 - o. What is the units digit of a?
9
Let p(a) = a - 8. Let f be p(10). What is the units digit of ((-1)/3)/(f/(-6))?
1
Suppose -4*q + 2*a = -112, -5*a = 2*q - 17 - 15. What is the tens digit of q?
2
Let u(k) = k**3 - 2*k**2 + 2*k + 2. What is the tens digit of u(3)?
1
Let x(q) = -3*q. Suppose -4*r + r - 3 = 0. Let j be x(r). What is the units digit of ((-6)/8)/(j/(-12))?
3
Let w = 129 - -53. What is the units digit of w?
2
Let k(g) = g**3 - 11*g**2 + 12*g - 4. Let x = 4 + 6. What is the tens digit of k(x)?
1
Let s = 6 - -1. What is the units digit of s?
7
Let r = -86 - -156. What is the tens digit of r?
